{"id":10876,"date":"2021-06-11T12:17:30","date_gmt":"2021-06-11T12:17:30","guid":{"rendered":"http:\/\/www.icleopardi.edu.it\/?page_id=10876"},"modified":"2021-07-15T16:35:15","modified_gmt":"2021-07-15T16:35:15","slug":"le-buone-pratiche","status":"publish","type":"page","link":"http:\/\/www.icleopardi.edu.it\/le-buone-pratiche\/","title":{"rendered":"Le buone pratiche didattiche"},"content":{"rendered":"<p><section class=\"kc-elm kc-css-276389 kc_row\"><div class=\"kc-row-container  kc-container\"><div class=\"kc-wrap-columns\"><div class=\"kc-elm kc-css-747808 kc_col-sm-4 kc_column kc_col-sm-4\"><div class=\"kc-col-container\"><div class=\"kc-elm kc-css-561811 kc-animated kc-animate-eff-bounceInLeft kc_shortcode kc_single_image\">\n\n        <img src=\"http:\/\/www.icleopardi.edu.it\/wp-content\/uploads\/2021\/06\/buone_pratiche_alla_Leopardi-300x300.jpg\" class=\"\" alt=\"\" \/>    <\/div>\n<\/div><\/div><div class=\"kc-elm kc-css-779478 kc_col-sm-8 kc_column kc_col-sm-8\"><div class=\"kc-col-container\">\n<div class=\"kc-elm kc-css-375559 kc-title-wrap \">\n\n\t<h3 class=\"kc_title\">Questa sezione del sito \u00e8 dedicata alle buone pratiche, a tutti i docenti che vogliono far conoscere  le proprie attivit\u00e0 realizzate e i progetti, condividendoli con tutta la comunit\u00e0 scolastica, in un\u2019ottica di scambio e diffusione di esperienze, strategie e sperimentazioni che hanno sortito risultati positivi.<\/h3>\n<\/div>\n<\/div><\/div><\/div><\/div><\/section><section class=\"kc-elm kc-css-691905 kc_row\"><div class=\"kc-row-container  kc-container\"><div class=\"kc-wrap-columns\"><div class=\"kc-elm kc-css-567429 kc_col-sm-4 kc_column kc_col-sm-4\"><div class=\"kc-col-container\">\n<div class=\"kc-elm kc-css-882958 kc-flipbox kc-flip-container\" ontouchstart=\"this.classList.toggle('hover');\">\n\t<div class=\"flipper\">\n\t\t<div class=\"front\">\n\t\t\t<div class=\"front-content\">\n\t\t\t\t<h3>Progetto :quot:Maestra Natura:quot:<\/h3><p>Prof.ssa Anna Santo<\/p>\t\t\t<\/div>\n\t\t<\/div>\n\t\t<div class=\"back\">\n\t\t\t<div class=\"des\">\n\t\t\t\t<h3>descrizione dell:apos:attivit\u00e0<\/h3><p>Progetto \"Maestra Natura\"<\/p><a class=\"button\" href=\"http:\/\/www.icleopardi.edu.it\/2021\/06\/14\/progetto-maestra-natura\/\" target=\"_self\" title=\"\">vai alla pagina<\/a>\t\t\t<\/div>\n\t\t<\/div>\n\t<\/div>\n<\/div>\n<div class=\"kc-elm kc-css-279983\" style=\"height: 20px; clear: both; width:100%;\"><\/div>\n<div class=\"kc-elm kc-css-726902 kc-flipbox kc-flip-container\" ontouchstart=\"this.classList.toggle('hover');\">\n\t<div class=\"flipper\">\n\t\t<div class=\"front\">\n\t\t\t<div class=\"front-content\">\n\t\t\t\t<h3>Danted\u00ec 2021<\/h3><p>Il 25 marzo \u00e8 il Danted\u00ec, la Giornata nazionale dedicata a Dante Alighieri.\r\n<br>\r\n<br>\r\na cura del prof. Michele Giustiniano<\/p>\t\t\t<\/div>\n\t\t<\/div>\n\t\t<div class=\"back\">\n\t\t\t<div class=\"des\">\n\t\t\t\t<h3>classe 1G<\/h3><p>Il 25 marzo \u00e8 il Danted\u00ec, la Giornata nazionale dedicata a Dante Alighieri.<\/p><a class=\"button\" href=\"https:\/\/www.youtube.com\/watch?v=9D-KB536mCM\" target=\"_self\" title=\"\">guarda il video<\/a>\t\t\t<\/div>\n\t\t<\/div>\n\t<\/div>\n<\/div>\n<div class=\"kc-elm kc-css-433141\" style=\"height: 20px; clear: both; width:100%;\"><\/div>\n<div class=\"kc-elm kc-css-333212 kc-flipbox kc-flip-container\" ontouchstart=\"this.classList.toggle('hover');\">\n\t<div class=\"flipper\">\n\t\t<div class=\"front\">\n\t\t\t<div class=\"front-content\">\n\t\t\t\t<h3>Esperienze montessoriane<\/h3><p>Docenti: <br>Annalisa De Gregorio,<br>Lidia Mazza, <br>Teresa Sorrentino, <br>Monica Cesarano, <br>Maria Rosaria Speranza, <br>Giuseppina Trombetta, <br>Rita Furioso, <br>Maria Rosaria Borriello, <br>Rosalba Gaglione. <\/p>\t\t\t<\/div>\n\t\t<\/div>\n\t\t<div class=\"back\">\n\t\t\t<div class=\"des\">\n\t\t\t\t<h3>Infanzia - Montessori<\/h3><p>sviluppare abilit\u00e0 e competenze secondo i principi e le attivit\u00e0 del metodo montessoriano.<\/p><a class=\"button\" href=\"http:\/\/www.icleopardi.edu.it\/scheda-didattica\/esperienze-montessoriane\/\" target=\"_self\" title=\"\">vai alla scheda<\/a>\t\t\t<\/div>\n\t\t<\/div>\n\t<\/div>\n<\/div>\n<div class=\"kc-elm kc-css-762765\" style=\"height: 20px; clear: both; width:100%;\"><\/div>\n<div class=\"kc-elm kc-css-271895 kc-flipbox kc-flip-container\" ontouchstart=\"this.classList.toggle('hover');\">\n\t<div class=\"flipper\">\n\t\t<div class=\"front\">\n\t\t\t<div class=\"front-content\">\n\t\t\t\t<h3>Storia di una Gabbianella e del Gatto che le insegn\u00f2 a volare<\/h3><p>Docenti:<br>\r\nMaria Rosaria Speranza, <br>Rosalba Gaglione,<br> Maria Rosaria Borriello, <br>Caterina Maglione<\/p>\t\t\t<\/div>\n\t\t<\/div>\n\t\t<div class=\"back\">\n\t\t\t<div class=\"des\">\n\t\t\t\t<h3>sezione C - Infanzia M.Montessori<\/h3><p>Educazione all'Humanitas<\/p><a class=\"button\" href=\"http:\/\/www.icleopardi.edu.it\/scheda-didattica\/storia-della-gabianella\/\" target=\"_self\" title=\"\">vai al video<\/a>\t\t\t<\/div>\n\t\t<\/div>\n\t<\/div>\n<\/div>\n<div class=\"kc-elm kc-css-933543\" style=\"height: 20px; clear: both; width:100%;\"><\/div>\n<div class=\"kc-elm kc-css-874581 kc-flipbox kc-flip-container\" ontouchstart=\"this.classList.toggle('hover');\">\n\t<div class=\"flipper\">\n\t\t<div class=\"front\">\n\t\t\t<div class=\"front-content\">\n\t\t\t\t<h3>Storia di una Gabbianella e del Gatto che le insegn\u00f2 a volare<\/h3><p>Docenti:<br>\r\nAnnalisa De Gregorio,<br>\r\nCaterina Maglione,<br>\r\nMariarosaria Borriello,<br>\r\nMonica Cesarano.<br><\/p>\t\t\t<\/div>\n\t\t<\/div>\n\t\t<div class=\"back\">\n\t\t\t<div class=\"des\">\n\t\t\t\t<h3>sezione B - Infanzia M.Montessori<\/h3><p>Educazione all'Humanitas<\/p><a class=\"button\" href=\"http:\/\/www.icleopardi.edu.it\/scheda-didattica\/storia-di-una-gabbianella-e-del-gatto-che-le-insegno-a-volare-3\/\" target=\"_self\" title=\"\">vai alla scheda<\/a>\t\t\t<\/div>\n\t\t<\/div>\n\t<\/div>\n<\/div>\n<\/div><\/div><div class=\"kc-elm kc-css-810452 kc_col-sm-4 kc_column kc_col-sm-4\"><div class=\"kc-col-container\">\n<div class=\"kc-elm kc-css-54221 kc-flipbox kc-flip-container\" ontouchstart=\"this.classList.toggle('hover');\">\n\t<div class=\"flipper\">\n\t\t<div class=\"front\">\n\t\t\t<div class=\"front-content\">\n\t\t\t\t<h3>Fake News<\/h3><p>Prof.ssa Annarita Caldarone<\/p>\t\t\t<\/div>\n\t\t<\/div>\n\t\t<div class=\"back\">\n\t\t\t<div class=\"des\">\n\t\t\t\t<h3>classe 3C<\/h3><p>Fake News<\/p><a class=\"button\" href=\"https:\/\/youtu.be\/-dBb-rd4LS0\" target=\"_self\" title=\"\">vai al video<\/a>\t\t\t<\/div>\n\t\t<\/div>\n\t<\/div>\n<\/div>\n<div class=\"kc-elm kc-css-798449\" style=\"height: 20px; clear: both; width:100%;\"><\/div>\n<div class=\"kc-elm kc-css-466646 kc-flipbox kc-flip-container\" ontouchstart=\"this.classList.toggle('hover');\">\n\t<div class=\"flipper\">\n\t\t<div class=\"front\">\n\t\t\t<div class=\"front-content\">\n\t\t\t\t<h3>Alici Alici..<\/h3><p>Concorso \"Inventa il tuo spot per una sana e corretta alimentazione\"\r\n<br>\r\n<br>\r\nProf. Vito Palmeri<\/p>\t\t\t<\/div>\n\t\t<\/div>\n\t\t<div class=\"back\">\n\t\t\t<div class=\"des\">\n\t\t\t\t<h3>Classe 1G<\/h3><p>Progetto realizzato dai proff.: S. Borrelli, A. Nasi, C. Di Bello, A. Cacace.<\/p><a class=\"button\" href=\"https:\/\/youtu.be\/VRplqJbitlQ\" target=\"_self\" title=\"\">guarda il video<\/a>\t\t\t<\/div>\n\t\t<\/div>\n\t<\/div>\n<\/div>\n<div class=\"kc-elm kc-css-368281\" style=\"height: 20px; clear: both; width:100%;\"><\/div>\n<div class=\"kc-elm kc-css-85040 kc-flipbox kc-flip-container\" ontouchstart=\"this.classList.toggle('hover');\">\n\t<div class=\"flipper\">\n\t\t<div class=\"front\">\n\t\t\t<div class=\"front-content\">\n\t\t\t\t<h3>Storia di una Gabbianella e del Gatto che le insegn\u00f2 a volare<\/h3><p>Docenti:<br> Lidia Mazza,<br>Teresa Sorrentino<\/p>\t\t\t<\/div>\n\t\t<\/div>\n\t\t<div class=\"back\">\n\t\t\t<div class=\"des\">\n\t\t\t\t<h3>sezione A - Infanzia M.Montessori<\/h3><p>Educazione all'Humanitas<\/p><a class=\"button\" href=\"http:\/\/www.icleopardi.edu.it\/scheda-didattica\/storia-di-una-gabbianella-e-del-gatto-che-le-insegno-a-volare\/\" target=\"_self\" title=\"\">vai al video<\/a>\t\t\t<\/div>\n\t\t<\/div>\n\t<\/div>\n<\/div>\n<div class=\"kc-elm kc-css-319842\" style=\"height: 20px; clear: both; width:100%;\"><\/div>\n<div class=\"kc-elm kc-css-430902 kc-flipbox kc-flip-container\" ontouchstart=\"this.classList.toggle('hover');\">\n\t<div class=\"flipper\">\n\t\t<div class=\"front\">\n\t\t\t<div class=\"front-content\">\n\t\t\t\t<h3>L:apos:inquinamento dell:apos:acqua<\/h3><p>Prof.ssa Liliana Senatore<\/p>\t\t\t<\/div>\n\t\t<\/div>\n\t\t<div class=\"back\">\n\t\t\t<div class=\"des\">\n\t\t\t\t<h3>Classe 1B<\/h3><p>Non c'\u00e8 acqua da perdere...<\/p><a class=\"button\" href=\"https:\/\/youtu.be\/gAQ5b2ZQ4S8\" target=\"_self\" title=\"\">guarda il video<\/a>\t\t\t<\/div>\n\t\t<\/div>\n\t<\/div>\n<\/div>\n<div class=\"kc-elm kc-css-197293\" style=\"height: 20px; clear: both; width:100%;\"><\/div>\n<div class=\"kc-elm kc-css-599014 kc-flipbox kc-flip-container\" ontouchstart=\"this.classList.toggle('hover');\">\n\t<div class=\"flipper\">\n\t\t<div class=\"front\">\n\t\t\t<div class=\"front-content\">\n\t\t\t\t<h3>Esperimento su temperatura e calore<\/h3><p>Prof.ssa Liliana Senatore<\/p>\t\t\t<\/div>\n\t\t<\/div>\n\t\t<div class=\"back\">\n\t\t\t<div class=\"des\">\n\t\t\t\t<h3>Classe 1B<\/h3><p>a cura di Francesca Gragnaniello<\/p><a class=\"button\" href=\"https:\/\/youtu.be\/ftX3ceIaetM\" target=\"_self\" title=\"\">guarda il video<\/a>\t\t\t<\/div>\n\t\t<\/div>\n\t<\/div>\n<\/div>\n<div class=\"kc-elm kc-css-804466\" style=\"height: 20px; clear: both; width:100%;\"><\/div>\n<div class=\"kc-elm kc-css-332702 kc-flipbox kc-flip-container\" ontouchstart=\"this.classList.toggle('hover');\">\n\t<div class=\"flipper\">\n\t\t<div class=\"front\">\n\t\t\t<div class=\"front-content\">\n\t\t\t\t<h3>Educazione all\u2019humanitas ispirato al racconto \u201cStoria di una Gabbianella e del Gatto che le insegn\u00f2 a volare\u201d dello scrittore Luis Sepulveda<\/h3><p>Docenti:<br>\r\n\r\nM. Marinacci,<br>\r\nF. Balestrieri,<br>\r\nG. Sgarano,<br>\r\nA. Manfredonia,<br>\r\nL. Pastore,<br><\/p>\t\t\t<\/div>\n\t\t<\/div>\n\t\t<div class=\"back\">\n\t\t\t<div class=\"des\">\n\t\t\t\t<h3>Classe 1C - Primaria Giovanni Paolo<\/h3><p>Educazione all'Humanitas<\/p><a class=\"button\" href=\"http:\/\/www.icleopardi.edu.it\/scheda-didattica\/educazione-allhumanitas-ispirato-al-racconto-storia-di-una-gabbianella-e-del-gatto-che-le-insegno-a-volare-dello-scrittore-luis-sepulveda\/\" target=\"_self\" title=\"\">vai alla scheda<\/a>\t\t\t<\/div>\n\t\t<\/div>\n\t<\/div>\n<\/div>\n<\/div><\/div><div class=\"kc-elm kc-css-585628 kc_col-sm-4 kc_column kc_col-sm-4\"><div class=\"kc-col-container\">\n<div class=\"kc-elm kc-css-686103 kc-flipbox kc-flip-container\" ontouchstart=\"this.classList.toggle('hover');\">\n\t<div class=\"flipper\">\n\t\t<div class=\"front\">\n\t\t\t<div class=\"front-content\">\n\t\t\t\t<h3>Repetita iuvant<\/h3><p>Prof.ssa Annarita Caldarone<\/p>\t\t\t<\/div>\n\t\t<\/div>\n\t\t<div class=\"back\">\n\t\t\t<div class=\"des\">\n\t\t\t\t<h3>classe 1G<\/h3><p>ripetere la matematica in digitale<\/p><a class=\"button\" href=\"https:\/\/youtu.be\/vX12fJRpHEE\" target=\"_self\" title=\"\">vai al video<\/a>\t\t\t<\/div>\n\t\t<\/div>\n\t<\/div>\n<\/div>\n<div class=\"kc-elm kc-css-427101\" style=\"height: 20px; clear: both; width:100%;\"><\/div>\n<div class=\"kc-elm kc-css-20491 kc-flipbox kc-flip-container\" ontouchstart=\"this.classList.toggle('hover');\">\n\t<div class=\"flipper\">\n\t\t<div class=\"front\">\n\t\t\t<div class=\"front-content\">\n\t\t\t\t<h3>Gioco della grammatica<\/h3><p>Prof.ssa Claudia Di Bello<\/p>\t\t\t<\/div>\n\t\t<\/div>\n\t\t<div class=\"back\">\n\t\t\t<div class=\"des\">\n\t\t\t\t<h3>Classe 1G<\/h3><p>Il grande gioco della grammatica<\/p><a class=\"button\" href=\"https:\/\/view.genial.ly\/60b9f0295301bd0db15a3c32\/interactive-content-il-grande-gioco-della-grammatica-1\" target=\"_self\" title=\"\">vai al gioco<\/a>\t\t\t<\/div>\n\t\t<\/div>\n\t<\/div>\n<\/div>\n<div class=\"kc-elm kc-css-860768\" style=\"height: 20px; clear: both; width:100%;\"><\/div>\n<div class=\"kc-elm kc-css-778754 kc-flipbox kc-flip-container\" ontouchstart=\"this.classList.toggle('hover');\">\n\t<div class=\"flipper\">\n\t\t<div class=\"front\">\n\t\t\t<div class=\"front-content\">\n\t\t\t\t<h3>Laboratorio di Coding<\/h3><p>Prof.ssa Maria Lamberti<\/p>\t\t\t<\/div>\n\t\t<\/div>\n\t\t<div class=\"back\">\n\t\t\t<div class=\"des\">\n\t\t\t\t<h3>Classe 1G<\/h3><p>Il coding con Scratch.<\/p><a class=\"button\" href=\"http:\/\/www.icleopardi.edu.it\/scheda-didattica\/laboratorio-di-coding-lambiente-scratch\/\" target=\"_self\" title=\"\">vai alla pagina<\/a>\t\t\t<\/div>\n\t\t<\/div>\n\t<\/div>\n<\/div>\n<div class=\"kc-elm kc-css-304681\" style=\"height: 20px; clear: both; width:100%;\"><\/div>\n<div class=\"kc-elm kc-css-821244 kc-flipbox kc-flip-container\" ontouchstart=\"this.classList.toggle('hover');\">\n\t<div class=\"flipper\">\n\t\t<div class=\"front\">\n\t\t\t<div class=\"front-content\">\n\t\t\t\t<h3>L:apos:inquinamento della Terra<\/h3><p>Prof.ssa Liliana Senatore<\/p>\t\t\t<\/div>\n\t\t<\/div>\n\t\t<div class=\"back\">\n\t\t\t<div class=\"des\">\n\t\t\t\t<h3>Classe 1B<\/h3><p>L'inquinamento della terra<\/p><a class=\"button\" href=\"https:\/\/youtu.be\/J4Y8dSi30TM\" target=\"_self\" title=\"\">guarda il video<\/a>\t\t\t<\/div>\n\t\t<\/div>\n\t<\/div>\n<\/div>\n<div class=\"kc-elm kc-css-126069\" style=\"height: 20px; clear: both; width:100%;\"><\/div>\n<div class=\"kc-elm kc-css-211742 kc-flipbox kc-flip-container\" ontouchstart=\"this.classList.toggle('hover');\">\n\t<div class=\"flipper\">\n\t\t<div class=\"front\">\n\t\t\t<div class=\"front-content\">\n\t\t\t\t<h3>L:apos:inquinamento dell:apos:aria<\/h3><p>Prof.ssa Liliana Senatore<\/p>\t\t\t<\/div>\n\t\t<\/div>\n\t\t<div class=\"back\">\n\t\t\t<div class=\"des\">\n\t\t\t\t<h3>Classe 1B<\/h3><p>L'inquinamento dell'aria<\/p><a class=\"button\" href=\"https:\/\/youtu.be\/HybulmjmwzM\" target=\"_self\" title=\"\">guarda il video<\/a>\t\t\t<\/div>\n\t\t<\/div>\n\t<\/div>\n<\/div>\n<div class=\"kc-elm kc-css-353007\" style=\"height: 20px; clear: both; width:100%;\"><\/div>\n<div class=\"kc-elm kc-css-59267 kc-flipbox kc-flip-container\" ontouchstart=\"this.classList.toggle('hover');\">\n\t<div class=\"flipper\">\n\t\t<div class=\"front\">\n\t\t\t<div class=\"front-content\">\n\t\t\t\t<h3>Storia di una Gabbianella e del Gatto che le insegn\u00f2 a volare<\/h3><p>Docenti:<br>\r\nRita Furioso<\/p>\t\t\t<\/div>\n\t\t<\/div>\n\t\t<div class=\"back\">\n\t\t\t<div class=\"des\">\n\t\t\t\t<h3>Infanzia M.Montessori<\/h3><p>Educazione all'Humanitas<\/p><a class=\"button\" href=\"http:\/\/www.icleopardi.edu.it\/scheda-didattica\/storia-di-una-gabbianella-e-del-gatto-che-le-insegno-a-volare-2\/\" target=\"_self\" title=\"\">vai al video<\/a>\t\t\t<\/div>\n\t\t<\/div>\n\t<\/div>\n<\/div>\n<\/div><\/div><\/div><\/div><\/section><\/p>\n","protected":false},"excerpt":{"rendered":"","protected":false},"author":1,"featured_media":10761,"parent":0,"menu_order":0,"comment_status":"closed","ping_status":"closed","template":"","meta":[],"_links":{"self":[{"href":"http:\/\/www.icleopardi.edu.it\/wp-json\/wp\/v2\/pages\/10876"}],"collection":[{"href":"http:\/\/www.icleopardi.edu.it\/wp-json\/wp\/v2\/pages"}],"about":[{"href":"http:\/\/www.icleopardi.edu.it\/wp-json\/wp\/v2\/types\/page"}],"author":[{"embeddable":true,"href":"http:\/\/www.icleopardi.edu.it\/wp-json\/wp\/v2\/users\/1"}],"replies":[{"embeddable":true,"href":"http:\/\/www.icleopardi.edu.it\/wp-json\/wp\/v2\/comments?post=10876"}],"version-history":[{"count":68,"href":"http:\/\/www.icleopardi.edu.it\/wp-json\/wp\/v2\/pages\/10876\/revisions"}],"predecessor-version":[{"id":11403,"href":"http:\/\/www.icleopardi.edu.it\/wp-json\/wp\/v2\/pages\/10876\/revisions\/11403"}],"wp:featuredmedia":[{"embeddable":true,"href":"http:\/\/www.icleopardi.edu.it\/wp-json\/wp\/v2\/media\/10761"}],"wp:attachment":[{"href":"http:\/\/www.icleopardi.edu.it\/wp-json\/wp\/v2\/media?parent=10876"}],"curies":[{"name":"wp","href":"https:\/\/api.w.org\/{rel}","templated":true}]}}